{"id":122,"date":"2021-10-26T14:58:37","date_gmt":"2021-10-26T17:58:37","guid":{"rendered":"https:\/\/solutionhospitalar.com.br\/?post_type=product&#038;p=122"},"modified":"2021-11-05T16:14:16","modified_gmt":"2021-11-05T19:14:16","slug":"mamografos","status":"publish","type":"product","link":"https:\/\/solutionhospitalar.com.br\/?product=mamografos","title":{"rendered":"Mam\u00f3grafos"},"content":{"rendered":"<div id=\"1224003329\" class=\"u_1224003329 dmNewParagraph\" data-dmtmpl=\"true\" data-uialign=\"right\">\n<p>Temos \u00f3timas op\u00e7\u00f5es para lhe oferecer de acordo com sua necessidade, seja ele de um mam\u00f3grafo analogico, mamografo digital, mam\u00f3grafo com exteriotacxia.<\/p>\n<p>Entre em contato conosco&#8230;.<\/p>\n<\/div>\n","protected":false},"excerpt":{"rendered":"<p>Temos \u00f3timas op\u00e7\u00f5es para lhe oferecer de acordo com sua necessidade, seja ele de um mam\u00f3grafo analogico, mamografo digital, mam\u00f3grafo com exteriotacxia. Entre em contato conosco&#8230;.<\/p>\n","protected":false},"featured_media":370,"template":"","meta":[],"product_cat":[33],"product_tag":[],"_links":{"self":[{"href":"https:\/\/solutionhospitalar.com.br\/index.php?rest_route=\/wp\/v2\/product\/122"}],"collection":[{"href":"https:\/\/solutionhospitalar.com.br\/index.php?rest_route=\/wp\/v2\/product"}],"about":[{"href":"https:\/\/solutionhospitalar.com.br\/index.php?rest_route=\/wp\/v2\/types\/product"}],"wp:featuredmedia":[{"embeddable":true,"href":"https:\/\/solutionhospitalar.com.br\/index.php?rest_route=\/wp\/v2\/media\/370"}],"wp:attachment":[{"href":"https:\/\/solutionhospitalar.com.br\/index.php?rest_route=%2Fwp%2Fv2%2Fmedia&parent=122"}],"wp:term":[{"taxonomy":"product_cat","embeddable":true,"href":"https:\/\/solutionhospitalar.com.br\/index.php?rest_route=%2Fwp%2Fv2%2Fproduct_cat&post=122"},{"taxonomy":"product_tag","embeddable":true,"href":"https:\/\/solutionhospitalar.com.br\/index.php?rest_route=%2Fwp%2Fv2%2Fproduct_tag&post=122"}],"curies":[{"name":"wp","href":"https:\/\/api.w.org\/{rel}","templated":true}]}}