{"id":127,"date":"2021-10-26T15:02:04","date_gmt":"2021-10-26T18:02:04","guid":{"rendered":"https:\/\/solutionhospitalar.com.br\/?post_type=product&#038;p=127"},"modified":"2021-11-05T16:05:56","modified_gmt":"2021-11-05T19:05:56","slug":"ultrassom","status":"publish","type":"product","link":"https:\/\/solutionhospitalar.com.br\/?product=ultrassom","title":{"rendered":"Ultrassom"},"content":{"rendered":"<div id=\"1070229324\" class=\"u_1070229324 dmNewParagraph\" data-dmtmpl=\"true\" data-uialign=\"right\">\n<p>Temos as varias op\u00e7\u00f5es para compra de seu ultrassom, seja ele um ultrassom port\u00e1til ou fixo para diversas aplica\u00e7\u00f5es como radiologia geral, cardiologia, vascular, urologia e etc.<\/p>\n<p>Entre em contato conosco&#8230;&#8230;<\/p>\n<\/div>\n","protected":false},"excerpt":{"rendered":"<p>Temos as varias op\u00e7\u00f5es para compra de seu ultrassom, seja ele um ultrassom port\u00e1til ou fixo para diversas aplica\u00e7\u00f5es como radiologia geral, cardiologia, vascular, urologia e etc. Entre em contato conosco&#8230;&#8230;<\/p>\n","protected":false},"featured_media":381,"template":"","meta":[],"product_cat":[35],"product_tag":[],"_links":{"self":[{"href":"https:\/\/solutionhospitalar.com.br\/index.php?rest_route=\/wp\/v2\/product\/127"}],"collection":[{"href":"https:\/\/solutionhospitalar.com.br\/index.php?rest_route=\/wp\/v2\/product"}],"about":[{"href":"https:\/\/solutionhospitalar.com.br\/index.php?rest_route=\/wp\/v2\/types\/product"}],"wp:featuredmedia":[{"embeddable":true,"href":"https:\/\/solutionhospitalar.com.br\/index.php?rest_route=\/wp\/v2\/media\/381"}],"wp:attachment":[{"href":"https:\/\/solutionhospitalar.com.br\/index.php?rest_route=%2Fwp%2Fv2%2Fmedia&parent=127"}],"wp:term":[{"taxonomy":"product_cat","embeddable":true,"href":"https:\/\/solutionhospitalar.com.br\/index.php?rest_route=%2Fwp%2Fv2%2Fproduct_cat&post=127"},{"taxonomy":"product_tag","embeddable":true,"href":"https:\/\/solutionhospitalar.com.br\/index.php?rest_route=%2Fwp%2Fv2%2Fproduct_tag&post=127"}],"curies":[{"name":"wp","href":"https:\/\/api.w.org\/{rel}","templated":true}]}}